t b(c) = 2*c + 11. What is b(-9)?
-7
Let v(d) = 33*d + 499. Give v(-15).
4
Let j(o) = 2*o**2 + 6*o - 6. Calculate j(-5).
14
Let y(u) = -48*u - 233. Determine y(-5).
7
Let f(p) = -4*p**3 - 6*p**2 + 5*p + 16. Give f(2).
-30
Let o(y) = y**2 - 2*y - 30. What is o(6)?
-6
Let u(o) = o**3 - 11*o**2 - 7*o - 43. What is u(11)?
-120
Let t(g) = -11*g - 15. Determine t(-5).
40
Let u(d) = -d**2 + d - 1. Calculate u(4).
-13
Let q(j) = -12*j - 49. Give q(-16).
143
Let i(v) = 2*v**3 + 6*v**2 + 3*v - 3. Calculate i(-4).
-47
Let m(u) = 5*u**2 + 15*u + 10. Determine m(-3).
10
Let b(u) = u**3 - 8*u**2 + 7*u - 2. Calculate b(7).
-2
Let z(l) = 3*l**2 - 21*l - 79. What is z(10)?
11
Let z(m) = m**2 - 5*m - 3. Determine z(4).
-7
Let h(i) = i**3 + 45*i**2 - 89*i + 192. Give h(-47).
-43
Let c(h) = -h**3 + 4*h**2 - 8*h + 1. Calculate c(3).
-14
Let d(b) = 16*b**3 + 2*b**2 - b. What is d(1)?
17
Let b(v) = -12*v**2 + 158*v - 29. What is b(13)?
-3
Let a(r) = -r**2 - 8*r - 6. Give a(-8).
-6
Let y(o) = 2*o**3 - 4*o + 3. What is y(2)?
11
Let i(j) = j**2 + j - 1. What is i(-6)?
29
Let x(h) = 26*h**2 + 79*h + 10. Determine x(-3).
7
Let t(f) = f**2 + 7*f + 10. Determine t(-7).
10
Let b(t) = t**3 + t**2 - 3. Determine b(3).
33
Let g(f) = -f**2 + 8*f - 6. What is g(7)?
1
Let p(o) = 32*o + 659. What is p(-21)?
-13
Let c(i) = -i**3 - 21*i**2 + 20*i - 45. What is c(-22)?
-1
Let s(x) = -x**2 - 3*x + 55. Give s(6).
1
Let d(i) = i**3 - 26*i**2 - 25*i + 14. Give d(27).
68
Let y(x) = -x**3 - 5*x**2 - 5*x - 8. What is y(-3)?
-11
Let k(j) = j**2 + 3*j - 16. What is k(-5)?
-6
Let n(r) = -r**2 + 7*r + 16. Give n(9).
-2
Let p(x) = 38*x + 18. Give p(-1).
-20
Let s(g) = g**2 + 8*g - 8. Determine s(-6).
-20
Let n(w) = w**3 - 5*w**2 + 5*w - 1. Determine n(4).
3
Let u(n) = 126*n + 752. Give u(-6).
-4
Let l(r) = -3*r**2 + 15*r + 13. What is l(7)?
-29
Let k(r) = 8*r - 2. Give k(-1).
-10
Let m(g) = -g**3 - 4*g**2 - 7. Determine m(-4).
-7
Let k(w) = w + 1. Calculate k(-6).
-5
Let r(l) = 2*l - 1. What is r(6)?
11
Let s(m) = -m**2 - 17*m + 121. Give s(5).
11
Let v(p) = 13*p**3 + p**2 + p. Calculate v(-1).
-13
Let t(x) = -42*x + 7. Calculate t(2).
-77
Let s(w) = w - 20. What is s(11)?
-9
Let q(m) = -2*m**3 + 4. Give q(2).
-12
Let n(v) = v**2 + 26*v - 5. Calculate n(-19).
-138
Let u(j) = j - 3. Calculate u(14).
11
Let n(t) = 4*t + 5. What is n(0)?
5
Let l(q) = q**3 + 6*q**2 + 3*q + 10. Calculate l(-6).
-8
Let f(q) = -q**3 - 7*q**2 + 2*q + 12. Determine f(-7).
-2
Let v(n) = -n**3 - 21*n**2 - 22*n - 45. Calculate v(-20).
-5
Let u(a) = -a - 8. What is u(9)?
-17
Let q(s) = s**2 - 8*s - 14. Calculate q(7).
-21
Let a(v) = -v**3 + 3*v**2 + v - 1. Calculate a(4).
-13
Let q(n) = n + 29. Determine q(7).
36
Let d(s) = s**2 + 9*s + 10. Calculate d(-4).
-10
Let g(f) = 3*f - 12. Determine g(6).
6
Let q(d) = 38*d - 4. Determine q(4).
148
Let g(i) = -i**2 - 6*i - 5. Calculate g(-9).
-32
Let x(r) = -11*r - 3. Determine x(-7).
74
Let q(v) = 38*v**3 - 4*v - 5. Calculate q(-1).
-39
Let x(b) = 32*b + 2. What is x(-1)?
-30
Let d(u) = -u**3 - 7*u**2 + 2*u - 30. Give d(-8).
18
Let q(g) = -10*g + 2. Calculate q(1).
-8
Let o(q) = q**3 - 6*q**2 + 4*q + 1. Determine o(5).
-4
Let v(i) = i**2 - 6*i + 10. Give v(3).
1
Let f(a) = 4*a - 17. What is f(5)?
3
Let l(b) = b**2 - 16*b + 8. What is l(14)?
-20
Let n(c) = c + 20. Determine n(-7).
13
Let f(n) = 4*n - 11. Give f(4).
5
Let g(m) = 4*m**2 + 1. Give g(-1).
5
Let y(b) = b**3 - 4*b**2 + 7*b - 5. Give y(4).
23
Let w(i) = -i**3 - 12*i**2 + 8*i + 76. Determine w(-12).
-20
Let p(i) = -i**2 + 4*i + 10. What is p(8)?
-22
Let v(o) = 3*o**3 + 6*o**2 - 15*o - 4. Calculate v(3).
86
Let v(r) = r**3 - 3*r**2 - 16*r + 6. Determine v(6).
18
Let g(w) = w**3 + w**2 - w - 1. Calculate g(-1).
0
Let b(z) = z**3 - 12*z**2 + 15*z - 23. Calculate b(11).
21
Let l(u) = -u**2 + 4*u + 5. Calculate l(8).
-27
Let j(w) = w**3 - 5*w**2 - 3*w. What is j(5)?
-15
Let d(q) = -q**3 + 6*q**2 + 2*q + 2. What is d(5)?
37
Let j(w) = -2*w**2 - 12*w + 16. Calculate j(-7).
2
Let w(j) = j**2 - 7*j + 36. Calculate w(10).
66
Let c(i) = 7*i**2 - 5*i + 3. What is c(4)?
95
Let r(c) = 6*c - 15. What is r(-3)?
-33
Let l(t) = 2*t - 7. Calculate l(-5).
-17
Let v(w) = w**3 + 7*w**2 - 18*w - 3. What is v(-9)?
-3
Let s(r) = -18*r - 51. Determine s(-3).
3
Let v(j) = -j**3 + 9*j**2 - 15*j. What is v(2)?
-2
Let v(q) = 2*q**2 - 25*q + 8. Calculate v(11).
-25
Let u(p) = -p**3 - 9*p**2 - 7*p + 13. Give u(-8).
5
Let m(c) = -c**3 + 2*c**2 + 3*c. What is m(4)?
-20
Let q(g) = g - 10. Calculate q(5).
-5
Let k(a) = 4*a - 35. What is k(-7)?
-63
Let d(q) = q - 2. Calculate d(-8).
-10
Let u(o) = -o + 29. What is u(15)?
14
Let c(u) = -4*u**3 - 6*u**2 - 3*u - 2. What is c(-2)?
12
Let h(s) = -11*s + 3. What is h(-1)?
14
Let f(i) = -i**3 + 55*i**2 + 57*i - 59. Determine f(56).
-3
Let k(d) = d**3 + 11*d**2 + 14. Calculate k(-11).
14
Let l(n) = -n**3 + 7*n**2 + 9*n + 2. Calculate l(8).
10
Let z(y) = -y**3 - 13*y**2 + 15*y + 13. Give z(-14).
-1
Let k(o) = -7*o**2 + 5*o + 17. Determine k(5).
-133
Let c(y) = -y**3 - 10*y**2 + 13*y - 8. Calculate c(-11).
-30
Let b(d) = d + 20. Calculate b(-21).
-1
Let x(n) = -n**3 - 11*n**2 - 6*n + 18. What is x(-8)?
-126
Let q(t) = 2*t**2 + 10*t + 10. Determine q(-5).
10
Let f(l) = -2*l**3 + 66*l**2 - 2*l + 69. Determine f(33).
3
Let d(c) = 7*c - 48. Calculate d(8).
8
Let p(i) = 10*i + 16. Determine p(-3).
-14
Let b(f) = -2*f**2 - 55*f - 98. Determine b(-26).
-20
Let o(d) = -3*d**3 + 47*d**2 + 16*d + 6. Determine o(16).
6
Let x(c) = 2*c**3 + 4*c**2 + 11*c + 15. Determine x(-2).
-7
Let w(q) = 2*q + 26. Give w(0).
26
Let h(s) = s**2 - 24*s - 431. Give h(36).
1
Let p(w) = -w**2 + 33*w + 114. Give p(36).
6
Let q(j) = j**2 + 7*j + 10. Calculate q(-4).
-2
Let j(i) = i**3 - 19*i**2 + i - 20. Calculate j(19).
-1
Let h(k) = -3*k**2 - 2*k + 4. Give h(-2).
-4
Let w(g) = -33*g**2 + 4*g. Determine w(-1).
-37
Let g(p) = p**3 - 19*p**2 - 21*p - 7. Determine g(20).
-27
Let w(n) = -31*n**2. Determine w(-1).
-31
Let j(o) = o**2 - 15. Calculate j(-6).
21
Let w(g) = -g**3 - 13*g**2 - 25*g + 3. Calculate w(-12).
159
Let g(l) = -2*l**3 + 14*l**2 + l + 7. Calculate g(7).
14
Let z(m) = -m**2 + 7*m - 9. Give z(6).
-3
Let t(z) = 2*z + 4. Calculate t(-5).
-6
Let a(l) = -l**3 - l**2 - 2*l - 51. What is a(0)?
-51
Let v(h) = 2*h + 12. Calculate v(21).
54
Let v(f) = -14*f + 24. Determine v(2).
-4
Let l(y) = -8*y - 91. Give l(-9).
-19
Let b(r) = -r**2 - 8*r - 5. Calculate b(-9).
-14
Let g(m) = m**3 + 6*m**2 - 4*m. Calculate g(-7).
-21
Let z(w) = w**3 - 8*w**2 + 6*w - 12. Calculate z(5).
-57
Let d(h) = -h - 6. Give d(6).
-12
Let m(o) = 2*o**3 + o**2 - 3*o. Determine m(-3).
-36
Let h(n) = 12*n + 11. Determine h(5).
71
Let w(o) = -o - 18. Calculate w(13).
-31
Let g(a) = -5*a - 16. Determine g(-2).
-6
Let n(g) = -g**2 + 36. Determine n(6).
0
Let x(m) = -m**2 - 8*m + 25. What is x(4)?
-23
Let r(u) = 13*u + 15. What is r(5)?
80
Let c(z) = -z**3 + 11*z**2 - 27*z + 9. What is c(8)?
-15
Let i(o) = 7*o - 135. Determine i(19).
-2
Let q(g) = -g**3 - 5*g**2 + 14*g - 4. What is q(-7)?
-4
Let x(g) = g**2 - 10*g - 57. Give x(13).
-18
Let i(g) = -g**2 - 12*g + 17. Calculate i(-13).
4
Let n(j) = 2*j**2 + 14. Give n(0).
14
Let w(p) = -2*p - 16. What is w(5)?
-26
Let z(x) = -x**3 - 5*x**2 + 6*x + 9. Give z(-5).
-21
Let r(p) = -p**2 + 8*p + 14. Give r(10).
-6
Let z(u) = u**2 + 19*u - 3. Calculate z(-9).
-93
Let i(h) = -21*h - 1. What is i(-1)?
20
Let s(k) = 12*k - 67. Calculate s(6).
5
Let g(d) = -2*d**3 + 2*d**2 - 3*d + 1. Determine g(2).
-13
Let u(p) = 4*p**2 + 6*p + 1. Determine u(-5).
71
Let j(m) = -m**2 - 14*m - 18. Give j(-4).
22
Let g(x) = -8*x**2 + 6*x + 4. Determine g(3).
-50
Let w(p) = -12*p. Calculate w(6).
-72
Let f(v) = -16*v**2 + 2*v - 8. Give f(2).
-68
Let g(v) = v**3 + 6*v**2 + 3*v + 5. Calculate g(-3).
23
Let j(t) = 3*t**2 + 4*t. Give j(-2).
4
Let i(q) = 3*q + 80. Calculate i(-13).
41
Let q(n) = -2*n**2 + 36*n - 12. Calculate q(14).
100
Let u(r) = -r**3 - 4*r**2 + 16*r - 2. Determine u(4).
-66
Let q(p) = p**3 - 7*p**2 + 3*p - 1. Calculate q(3).
-28
Let d(l) = l**3 + 71*l**2 - 76*l - 294. Determine d(-72).
-6
Let a(w) = -w**2 - w - 6. Calculate a(0).
-6
Let x(f) = -5*f**2 + 2*f - 2. What is x(1)?
-5
Let a(h) = -h**3 - 4*h**2 - 4*h - 3. Give a(-2).
-3
Let i(d) = 5*d 